
Is 151706593 prime?
True
Is 165147 a composite number?
True
Is 72503273 prime?
False
Is 3954091 composite?
True
Is 282540941 a composite number?
False
Is 11229046 composite?
True
Is 368208671 a composite number?
False
Is 1737899 a composite number?
False
Is 5853269 composite?
False
Is 17169449 a prime number?
False
Is 4910783 a composite number?
True
Is 41749271 prime?
True
Is 106289501 prime?
False
Is 2933383 prime?
True
Is 88808633 prime?
True
Is 1922201 a composite number?
True
Is 28069667 a prime number?
False
Is 197723179 a prime number?
False
Is 232669247 a prime number?
True
Is 30637019 a composite number?
True
Is 58491523 composite?
True
Is 26400223 prime?
True
Is 26054057 a composite number?
False
Is 23083757 composite?
False
Is 1271791 prime?
True
Is 162556031 a prime number?
False
Is 7396829 a prime number?
False
Is 58069249 composite?
True
Is 54026353 prime?
True
Is 124979 composite?
False
Is 819797527 prime?
False
Is 1879567 a prime number?
True
Is 63697267 a composite number?
True
Is 2324011 prime?
False
Is 95137759 a composite number?
True
Is 836383 a prime number?
False
Is 15332917 prime?
True
Is 13441187 a composite number?
True
Is 739870631 a composite number?
True
Is 18179233 composite?
True
Is 514561 a prime number?
True
Is 5672423 composite?
False
Is 59258263 a composite number?
False
Is 2484089 composite?
False
Is 772091 a composite number?
False
Is 2685169 a prime number?
True
Is 1622791 composite?
False
Is 1991221 a composite number?
True
Is 11466793 composite?
True
Is 5441713 composite?
False
Is 87846853 a composite number?
True
Is 11150497 composite?
False
Is 3645691 a composite number?
True
Is 498936131 a composite number?
False
Is 193999 composite?
True
Is 374087463 a composite number?
True
Is 11726051 composite?
True
Is 19512631 prime?
True
Is 21202079 prime?
True
Is 240175451 composite?
False
Is 538873135 prime?
False
Is 2156593 a prime number?
False
Is 247220321 prime?
True
Is 33412259 a composite number?
True
Is 45339841 a composite number?
True
Is 295653317 a prime number?
False
Is 302544763 composite?
False
Is 3165427 a prime number?
True
Is 10291802 a composite number?
True
Is 22594099 composite?
True
Is 1453451 composite?
True
Is 108059953 prime?
True
Is 4048519 prime?
True
Is 89716279 a prime number?
False
Is 8055761 a composite number?
True
Is 2751127 composite?
True
Is 5032813 composite?
True
Is 634464353 a prime number?
True
Is 160153271 prime?
True
Is 2775961 a composite number?
True
Is 2337119 a composite number?
False
Is 38317379 composite?
True
Is 352421999 prime?
True
Is 15239093 prime?
True
Is 270266693 a composite number?
False
Is 90515253 composite?
True
Is 265367 a prime number?
False
Is 111223109 a composite number?
False
Is 970020355 a composite number?
True
Is 12450071 composite?
True
Is 3625771 a prime number?
False
Is 11108219 prime?
True
Is 310368853 a composite number?
True
Is 525571 prime?
True
Is 3047237 a prime number?
True
Is 8980473 prime?
False
Is 64853297 a prime number?
True
Is 6397847 composite?
True
Is 154981 a composite number?
False
Is 2996597 prime?
False
Is 198031693 composite?
False
Is 9532207 composite?
False
Is 19786586 a prime number?
False
Is 836207 a composite number?
True
Is 169070351 composite?
False
Is 11865083 composite?
False
Is 1112249657 a prime number?
True
Is 51065257 composite?
False
Is 3553139 composite?
False
Is 755363237 composite?
False
Is 11080351 prime?
True
Is 146582615 prime?
False
Is 330427 a prime number?
True
Is 5053367 a composite number?
True
Is 172568183 a prime number?
False
Is 28546561 a prime number?
False
Is 925559 composite?
False
Is 1608029 composite?
True
Is 906181 a composite number?
True
Is 898493 prime?
True
Is 32772274 a composite number?
True
Is 2893519 a prime number?
False
Is 207002413 prime?
True
Is 12793387 a prime number?
True
Is 124991041 a composite number?
True
Is 33399697 prime?
True
Is 88345099 a prime number?
True
Is 7768483 a composite number?
True
Is 1982863 a prime number?
False
Is 4573011 prime?
False
Is 37182823 a composite number?
True
Is 26174671 a composite number?
True
Is 4944019 prime?
True
Is 1368379 prime?
False
Is 12338977 prime?
False
Is 38649599 composite?
False
Is 25657757 composite?
False
Is 37958957 composite?
True
Is 171136853 a prime number?
True
Is 7355819 prime?
True
Is 1134457 a composite number?
True
Is 39933347 a composite number?
True
Is 5293589 a prime number?
False
Is 1856713 composite?
False
Is 6254863 a prime number?
True
Is 2314519 composite?
True
Is 193114549 a composite number?
True
Is 46980997 composite?
True
Is 10133143 a composite number?
False
Is 55359533 prime?
False
Is 36602809 a composite number?
False
Is 63163687 a prime number?
False
Is 159212605 prime?
False
Is 578412689 prime?
True
Is 68425823 composite?
True
Is 6968733 a composite number?
True
Is 454105 a composite number?
True
Is 3979117 a composite number?
False
Is 163929551 composite?
True
Is 114834281 a composite number?
False
Is 6839461 a composite number?
False
Is 11498281 composite?
True
Is 44407397 composite?
False
Is 122939717 a prime number?
False
Is 18734477 a prime number?
True
Is 2227423 a prime number?
False
Is 1253514107 a prime number?
True
Is 455488523 composite?
True
Is 220152971 a prime number?
False
Is 13855139 composite?
False
Is 28839 a composite number?
True
Is 25525859 composite?
False
Is 38042311 prime?
False
Is 9935137 a prime number?
True
Is 48624929 a prime number?
True
Is 1340947 prime?
True
Is 8251591 a composite number?
False
Is 474348003 a composite number?
True
Is 2428301 prime?
False
Is 53345093 a composite number?
False
Is 263740489 a prime number?
False
Is 16146329 a prime number?
False
Is 12534163 a composite number?
False
Is 288900649 a prime number?
True
Is 21881899 a composite number?
True
Is 3706951 a composite number?
True
Is 8514343 composite?
False
Is 110133203 composite?
False
Is 53884057 a prime number?
False
Is 874249 prime?
True
Is 2772643 a composite number?
False
Is 7278419 a prime number?
False
Is 656483 prime?
True
Is 1593591 a composite number?
True
Is 36055069 composite?
False
Is 2960729 a composite number?
False
Is 2830055 a prime number?
False
Is 844381 a prime number?
False
Is 6262079 prime?
True
Is 829057 prime?
True
Is 165088307 a prime number?
True
Is 5354434 composite?
True
Is 65663485 a composite number?
True
Is 186109171 prime?
True
Is 32294861 prime?
False
Is 8501431 composite?
False
Is 375258358 a prime number?
False
Is 24420161 prime?
False
Is 44429633 a prime number?
False
Is 191993569 a prime number?
True
Is 794537 composite?
False
Is 114973531 composite?
False
Is 64632497 composite?
True
Is 32908483 a composite number?
True
Is 35543227 a composite number?
False
Is 348285989 a composite number?
False
Is 214548731 a prime number?
True
Is 555343 prime?
False
Is 15056182 composite?
True
Is 85607653 prime?
True
Is 606295379 composite?
True
Is 3264343 a composite number?
False
Is 303418837 prime?
True
Is 2060543 prime?
True
Is 2323103 prime?
False
Is 112260433 a composite number?
False
Is 28093633 prime?
True
Is 41638071 a composite number?
True
Is 14126765 a prime number?
False
Is 105551437 prime?
True
Is 4766351 prime?
True
Is 16245809 composite?
False
Is 1612911 prime?
False
Is 5214659 prime?
True
Is 24967417 composite?
False
Is 30599567 a composite number?
False
Is 38832161 composite?
True
Is 115949 composite?
True
Is 458443 prime?
False
Is 1007297 prime?
True
Is 56322793 a prime number?
True
Is 12152783 a prime number?
True
Is 5069443 a prime number?
False
Is 97499 composite?
False
Is 92761811 composite?
False
Is 36706031 a prime number?
True
Is 107354587 a composite number?
True
Is 5223517 prime?
False
Is 3539443 composite?
False
Is 13013629 a prime number?
True
Is 1125609 prime?
False
Is 106114417 a composite number?
False
Is 9923873 a composite number?
True
Is 3024523 composite?
True
Is 967503 prime?
False
Is 25793831 a composite number?
True
Is 73915547 a composite number?
False
Is 10714603 a composite number?
False
Is 54767117 a composite number?
True
Is 6518381 a prime number?
True
Is 153892811 a composite number?
False
Is 43136039 a prime number?
True
Is 5804927 a composite number?
False
Is 187733177 prime?
True
Is 442961 composite?
False
Is 1218770